 172*n - 650. Calculate z(20).
-1290
Let o(v) = -v**2 - 93*v + 89386. Calculate o(-349).
42
Let j(o) = -o**3 - o**2 + 147*o + 255. Determine j(-11).
-152
Let y(a) = 2*a**2 - 40*a - 1060. Determine y(-15).
-10
Let b(d) = 2*d**3 - 163*d**2 + 8*d + 4334. Calculate b(81).
-1579
Let y(a) = a**3 - 16*a**2 - 170*a - 155. Give y(-8).
-331
Let h(c) = -52*c**2 - 12110*c + 13824. What is h(-234)?
252
Let p(l) = 2522*l - 12579. Give p(5).
31
Let s(d) = -87*d**2 - 4127*d - 1855. What is s(-47)?
-69
Let p(b) = 1234*b + 140673. What is p(-114)?
-3
Let g(q) = 2024*q**2 - 16190*q - 14. Give g(8).
2
Let b(n) = 12*n**3 - 37*n**2 + 10*n - 14. Determine b(0).
-14
Let q(n) = -195556*n**2 + 1760003*n + 1. Calculate q(9).
-8
Let x(t) = t**3 - 10*t**2 - 10*t + 64. Determine x(10).
-36
Let q(c) = -576*c**2 + 24*c - 289. Give q(2).
-2545
Let l(j) = -221*j + 12394. Determine l(56).
18
Let u(s) = -s**3 + 347*s**2 + 588478*s - 1233. Determine u(-613).
-7
Let y(h) = h**3 + 14*h**2 - 39*h - 126. Calculate y(4).
6
Let j(n) = n**3 - 125*n**2 - 13120*n - 692. Calculate j(193).
80
Let g(s) = -3*s**3 - 98*s**2 - 726*s - 86. Calculate g(-11).
35
Let u(h) = -h**3 - 6*h**2 - 11772*h - 82476. Give u(-7).
-23
Let m(b) = -44577*b + 312262. Determine m(7).
223
Let s(c) = -29*c**2 - 105*c + 1359. What is s(6)?
-315
Let m(q) = -96374*q + 6553446. Determine m(68).
14
Let i(r) = 2294*r + 87019. Determine i(-38).
-153
Let u(a) = -2138*a**2 + 4387*a - 2. What is u(2)?
220
Let u(b) = -5*b**3 - 17*b**2 - 6*b - 85. Determine u(-6).
419
Let c(b) = 23944*b - 981745. Determine c(41).
-41
Let i(d) = -12*d**3 - 63*d**2 - 2448*d - 12173. Calculate i(-5).
-8
Let j(i) = -2*i**3 + 46*i**2 - 247*i + 3417. Determine j(21).
-6
Let q(k) = -58*k**2 - 3944*k - 25. Determine q(-68).
-25
Let q(n) = 3*n**3 + 75*n**2 - 71770*n - 1794258. Give q(-25).
-8
Let m(a) = -3145*a - 25458. Give m(-8).
-298
Let p(z) = 10*z**2 + 90*z - 641. What is p(0)?
-641
Let n(r) = -13*r**3 - 9063*r**2 - 1396*r - 1351. Calculate n(-697).
43
Let x(l) = 29453*l + 146718. Determine x(-5).
-547
Let o(r) = -51230*r - 153686. What is o(-3)?
4
Let s(d) = 2349*d**2 - 63434*d + 293. Calculate s(27).
-4
Let t(v) = v**3 + 241*v**2 - 27780*v + 5945. Give t(85).
-5
Let j(l) = -5*l**3 - 4*l**2 - 248*l - 761. Calculate j(-3).
82
Let x(p) = -p**3 - 40*p**2 + 90*p - 1764. What is x(-43)?
-87
Let a(b) = 54487*b - 6374972. Determine a(117).
7
Let r(q) = 1454*q + 56433. Determine r(-39).
-273
Let c(m) = -384*m + 8785. Determine c(23).
-47
Let o(y) = 8*y**3 - 6*y**2 + 406*y + 1253. Give o(-3).
-235
Let r(b) = -263*b**2 - 747*b + 3. Determine r(-2).
445
Let b(m) = -1285*m**2 - 881*m + 870. What is b(1)?
-1296
Let t(v) = 12*v**2 - 22707*v + 68025. Determine t(3).
12
Let q(j) = -2*j**3 + 163*j**2 + 255*j - 126. Give q(83).
372
Let m(c) = 3*c**2 + 118*c - 2821. Calculate m(20).
739
Let v(m) = 23*m**3 + 10044*m**2 + 6976*m + 22. Give v(-436).
22
Let n(z) = 3*z**3 + 51*z**2 - 73*z - 2455. What is n(-15)?
-10
Let j(o) = -1289*o + 7523. Determine j(6).
-211
Let w(l) = 7*l**3 - 94*l**2 + 105*l - 12. Give w(1).
6
Let h(d) = 3*d**3 + 114*d**2 - 156*d - 27918. What is h(-28)?
-30
Let s(t) = 4*t**3 - 48*t**2 - 70*t + 842. Determine s(13).
608
Let f(l) = -13*l**3 - 204*l**2 - 2*l - 1055. Calculate f(-16).
1
Let x(m) = -522861*m - 3660018. Determine x(-7).
9
Let t(i) = 10714*i + 10398. What is t(-1)?
-316
Let l(u) = 5497*u + 478303. Calculate l(-87).
64
Let d(g) = -8969*g + 251428. Determine d(28).
296
Let g(b) = b**2 + 533*b - 60343. Determine g(96).
41
Let j(h) = 382*h - 43463. What is j(114)?
85
Let f(n) = -152*n - 278. Give f(-1).
-126
Let d(q) = q**3 - 80*q**2 - 50*q + 4006. Calculate d(80).
6
Let x(l) = 2*l**2 + 1599*l + 319112. Calculate x(-414).
-82
Let r(f) = -4326*f - 60488. Give r(-14).
76
Let d(p) = -1938*p - 42620. Calculate d(-22).
16
Let j(b) = 547*b - 6522. What is j(12)?
42
Let i(j) = j**3 + 120*j**2 + 2376*j + 18. Determine i(-25).
-7
Let w(f) = 55216*f + 5355907. Calculate w(-97).
-45
Let d(m) = -2135950*m - 87573956. Calculate d(-41).
-6
Let o(m) = m**2 - 1283*m + 18948. Calculate o(15).
-72
Let m(z) = 82*z**2 + 3271*z + 16424. Calculate m(-34).
2
Let l(o) = -4373*o - 183527. Calculate l(-42).
139
Let r(w) = 290*w**2 + 153988*w - 1099. What is r(-531)?
-37
Let w(p) = 122*p**2 + 2221*p - 6642. What is w(3)?
1119
Let a(f) = 3*f**3 - 179*f**2 + 253*f + 2144. What is a(58)?
-2
Let g(f) = -f**3 - 29*f**2 + 133*f + 4973. Calculate g(-27).
-76
Let y(l) = -8749*l - 218562. Give y(-25).
163
Let i(r) = r**2 - 146*r - 3338. Give i(166).
-18
Let k(w) = -3*w**2 + 208*w - 3609. Calculate k(34).
-5
Let w(c) = 2555*c + 10220. Calculate w(-4).
0
Let p(k) = -3787*k - 4124042. What is p(-1089)?
1
Let y(g) = -11707*g**2 - 70237*g + 22. Give y(-6).
-8
Let k(d) = -d**3 + 73*d**2 - 79*d - 13595. Determine k(69).
-2
Let p(r) = 175*r - 10311. Determine p(59).
14
Let g(z) = 9341*z + 56042. Determine g(-6).
-4
Let o(k) = k**3 + 193*k**2 - 5641*k + 112. Determine o(26).
1490
Let z(s) = -20*s**2 + 682*s + 671. Calculate z(35).
41
Let h(z) = -1019*z - 58892. Calculate h(-58).
210
Let p(d) = -4*d**3 - 10*d**2 + 53*d - 167. Determine p(6).
-1073
Let p(x) = 26*x**3 - 119*x**2 - 358*x + 35. What is p(-3)?
-664
Let a(k) = -129*k**2 + 5403*k - 80. Give a(42).
-710
Let z(i) = 28*i**2 - 2938*i + 2693. Calculate z(104).
-11
Let h(i) = -8*i**2 + 352*i + 1457. What is h(-4)?
-79
Let k(y) = -y**2 - 93*y + 5712. Calculate k(-139).
-682
Let d(r) = -r**2 + 874*r - 23689. Give d(28).
-1
Let d(o) = -3*o**3 - 249*o**2 - 4138*o + 69. Determine d(-23).
23
Let c(t) = -2*t**3 - 30*t**2 - 213*t - 292. Determine c(-5).
273
Let p(q) = -2*q**3 - 43*q**2 + 217*q + 4270. Calculate p(-22).
-20
Let c(x) = -11*x**2 + 36*x + 412. Give c(8).
-4
Let m(k) = 4433*k - 443303. What is m(100)?
-3
Let r(d) = -3*d**3 + 48*d**2 + 930*d - 1022. Determine r(27).
31
Let z(j) = 161*j - 38. What is z(1)?
123
Let n(p) = -p**3 + 60*p**2 + 28*p - 623. Calculate n(60).
1057
Let g(p) = -992*p + 6307. What is g(10)?
-3613
Let c(o) = 36011*o - 5365631. Calculate c(149).
8
Let z(n) = -10*n**2 - 1068*n + 12970. Give z(11).
12
Let y(h) = 2*h**3 + 332*h**2 - 4658*h - 723. Calculate y(-179).
-7
Let n(f) = -f**3 + 55*f**2 - 5366*f + 286833. What is n(54)?
-15
Let o(h) = -h**3 + 26*h**2 - 122*h + 112. Give o(7).
189
Let q(x) = -x**3 - 61*x**2 - 143*x + 2801. Give q(-58).
1003
Let w(l) = -l**3 - 112*l**2 - 365*l - 4112. Calculate w(-109).
30
Let w(u) = 2808*u + 22489. What is w(-8)?
25
Let v(o) = 298*o - 96859. Give v(324).
-307
Let v(m) = -6*m**3 + 228*m**2 - 36*m + 1119. Give v(38).
-249
Let v(n) = 73*n**2 + 61*n - 236. Give v(5).
1894
Let k(n) = 1054*n + 48483. Calculate k(-46).
-1
Let a(b) = 23*b**2 + 1175*b + 69. Give a(-51).
-33
Let w(f) = -3369*f - 28748. Calculate w(-7).
-5165
Let b(j) = -37872*j - 568107. Give b(-15).
-27
Let f(i) = -47847*i + 3110060. Calculate f(65).
5
Let c(u) = 13*u**2 + 706*u - 548. Determine c(-55).
-53
Let z(v) = v**3 - 53*v**2 + 612*v - 6304. Calculate z(42).
-4
Let n(m) = -1019*m - 35582. Calculate n(-35).
83
Let r(i) = i**3 + 40*i**2 + 106*i - 1371. What is r(-36)?
-3
Let o(x) = 30*x**3 + 274*x**2 + 273*x - 4. What is o(-8)?
-12
Let m(i) = -5*i**2 + 785*i + 3985. Calculate m(-5).
-65
Let b(o) = 3436*o + 31457. Give b(-9).
533
Let t(g) = -7*g**3 - 4482*g**2 - 1214*g + 42221. Calculate t(-640).
-19
Let o(n) = 11*n**2 - 551*n + 6267. Calculate o(16).
267
Let m(a) = 55*a**2 + 1421*a + 6422. What is m(-20)?
2
Let v(z) = -10201*z - 20186. What is v(-2)?
216
Let m(s) = 741*s**2 + 20633*s - 3212. Give m(-28).
8
Let j(v) = v**2 - 668*v + 4023. Calculate j(6).
51
Let f(w) = 5*w**3 - 98*w**2 + 41*w - 146. Calculate f(20).
1474
Let j(z) = -z**3 - 29*z**2 + 266*z - 69. Calculate j(6).
267
Let m(q) = q**2 + 175*q - 1281. What is m(-184)?
375
Let c(x) = -1541*x + 355949. What is c(231)?
-22
Let k(s) = -647*s + 49615. Determine k(76).
443
Let o(l) = 30*l**2 - 915*l - 7210. Calculate o(37).
5
Let q(n) = 217*n + 5275. Give q(-32).
-1669
Let w(d) = -279*d + 30068. What is w(107)?
215
Let q(n) = -n**2 + 179*n - 4708. Give q(32).
-4
Let q(w) = 84*w**2 - 92*w - 5. Calculate q(-2).
515
Let l(o) = o**3 - 656*o**2 - 50022*o - 2141. What is l(725)?
34
Let d(h) = -62*h**3 - 313*h**2 + 43*h + 258. Calculate d(-5).
-32
Let r(t) = 